{"id":58,"date":"2016-05-24T21:29:57","date_gmt":"2016-05-24T21:29:57","guid":{"rendered":"http:\/\/mandrionundjahn.de\/?page_id=58"},"modified":"2016-05-31T13:18:50","modified_gmt":"2016-05-31T11:18:50","slug":"fuer-unternehmen","status":"publish","type":"page","link":"https:\/\/mandrionundjahn.de\/?page_id=58","title":{"rendered":"F\u00dcR UNTERNEHMEN."},"content":{"rendered":"<h2>DEINE, MEINE \u2013 UNSERE IDEE.<\/h2>\n<hr \/>\n<h4>Der Workshop f\u00fcr Unternehmen, Gruppen und alle, die jeden Tag ganz unkreativ kreativ sein m\u00fcssen.<\/h4>\n<hr \/>\n<p><img loading=\"lazy\" class=\"alignnone size-full wp-image-59\" src=\"http:\/\/mandrionundjahn.de\/wp-content\/uploads\/2016\/05\/madrionjahn-271015-7.jpg\" alt=\"madrionjahn-271015-7\" width=\"1200\" height=\"800\" srcset=\"https:\/\/mandrionundjahn.de\/wp-content\/uploads\/2016\/05\/madrionjahn-271015-7.jpg 1200w, https:\/\/mandrionundjahn.de\/wp-content\/uploads\/2016\/05\/madrionjahn-271015-7-300x200.jpg 300w, https:\/\/mandrionundjahn.de\/wp-content\/uploads\/2016\/05\/madrionjahn-271015-7-768x512.jpg 768w, https:\/\/mandrionundjahn.de\/wp-content\/uploads\/2016\/05\/madrionjahn-271015-7-1024x683.jpg 1024w\" sizes=\"(max-width: 1200px) 100vw, 1200px\" \/><\/p>\n<hr \/>\n<h5>KREATIV-WORKSHOP ZUR IDEEN-KATALYSE.<\/h5>\n<hr \/>\n<p>Welches Unternehmen kennt das nicht? Ein neues Produkt soll entwickelt werden, neue Arbeitsstrukturen im Team geschaffen oder ein dr\u00e4ngendes Problem gel\u00f6st werden. Ideen m\u00fcssen her! Alles \u201eon the run\u201c, im Tagesgesch\u00e4ft \u2013 schnell und effizient. Innovation und Kreativit\u00e4t sind ein \u201emust\u201c, bleiben aber h\u00e4ufig notgedrungen auf der Strecke.<\/p>\n<p>Dieser Kreativit\u00e4tsworkshop richtet sich an Teams, die neue Herangehensweisen und ein neues Teamgef\u00fchl suchen. Die Anwendung einfacher Kreativit\u00e4tstechniken auf k\u00fcnstlerisch-gestalterischer Ebene entfernt uns zun\u00e4chst vom \u00fcblichen Tagesgesch\u00e4ft. Gleichzeitig werden allgemeine Kreativit\u00e4tsprinzipien angewandt und erfahren, die neue Blickwinkel auf Arbeits- und Kreativprozesse er\u00f6ffnen. Bei der ungewohnten gemeinsamen Arbeit lernen sich die Teammitglieder anders und neu kennen.<\/p>\n<hr \/>\n<p>DER WORKSHOP IST BESONDERS GEEIGNET<\/p>\n<p>\u2022\u00a0\u00a0 \u00a0f\u00fcr Teams<br \/>\n\u2022\u00a0\u00a0 \u00a0als Incentivema\u00dfnahme<br \/>\n\u2022\u00a0\u00a0 \u00a0f\u00fcr alle, die Ideenfindung anders erleben wollen<\/p>\n<hr \/>\n<p>MATERIAL<\/p>\n<p>Alle ben\u00f6tigten Materialien werden vor Ort zur Verf\u00fcgung gestellt. Da wir mit Tinten und Farben arbeiten, sollte die Kleidung passend gew\u00e4hlt werden. Die Vortr\u00e4ge zu Methodik, Arbeitstechniken und Material stehen nach der Veranstaltung als PDF-Dokument\u00a0zur Verf\u00fcgung.<\/p>\n<hr \/>\n<p>KOSTEN<br \/>\n(inkl. aller Materialien, Snack und Getr\u00e4nken w\u00e4hrend der Veranstaltung sowie einem Kreativit\u00e4ts-Survival-Package f\u00fcr jeden Teilnehmer)<br \/>\n2.250,- Euro zzgl. MwSt. f\u00fcr Gruppen bis zu 5 Personen, jede weitere Person 375,- Euro zzgl. MwSt.<\/p>\n<hr \/>\n<p><em>Veranstaltungsort ist Hannover.<\/em><\/p>\n<p><em>Der Workshop ist auch als Inhouse-Seminar oder externe Veranstaltung buchbar. <\/em><br \/>\n<a href=\"mailto: mail@mandrionundjahn.de\"><em> Fordern Sie hierf\u00fcr ein pers\u00f6nliches Angebot an.<\/em><\/a><\/p>\n<hr \/>\n<p>&nbsp;<\/p>\n","protected":false},"excerpt":{"rendered":"<p>DEINE, MEINE \u2013 UNSERE IDEE. Der Workshop f\u00fcr Unternehmen, Gruppen und alle, die jeden Tag ganz unkreativ kreativ sein m\u00fcssen. KREATIV-WORKSHOP ZUR IDEEN-KATALYSE. Welches Unternehmen kennt das nicht? Ein neues &#8230;<\/p>\n","protected":false},"author":1,"featured_media":59,"parent":2,"menu_order":30,"comment_status":"closed","ping_status":"closed","template":"template-fullwidth.php","meta":[],"_links":{"self":[{"href":"https:\/\/mandrionundjahn.de\/index.php?rest_route=\/wp\/v2\/pages\/58"}],"collection":[{"href":"https:\/\/mandrionundjahn.de\/index.php?rest_route=\/wp\/v2\/pages"}],"about":[{"href":"https:\/\/mandrionundjahn.de\/index.php?rest_route=\/wp\/v2\/types\/page"}],"author":[{"embeddable":true,"href":"https:\/\/mandrionundjahn.de\/index.php?rest_route=\/wp\/v2\/users\/1"}],"replies":[{"embeddable":true,"href":"https:\/\/mandrionundjahn.de\/index.php?rest_route=%2Fwp%2Fv2%2Fcomments&post=58"}],"version-history":[{"count":10,"href":"https:\/\/mandrionundjahn.de\/index.php?rest_route=\/wp\/v2\/pages\/58\/revisions"}],"predecessor-version":[{"id":142,"href":"https:\/\/mandrionundjahn.de\/index.php?rest_route=\/wp\/v2\/pages\/58\/revisions\/142"}],"up":[{"embeddable":true,"href":"https:\/\/mandrionundjahn.de\/index.php?rest_route=\/wp\/v2\/pages\/2"}],"wp:featuredmedia":[{"embeddable":true,"href":"https:\/\/mandrionundjahn.de\/index.php?rest_route=\/wp\/v2\/media\/59"}],"wp:attachment":[{"href":"https:\/\/mandrionundjahn.de\/index.php?rest_route=%2Fwp%2Fv2%2Fmedia&parent=58"}],"curies":[{"name":"wp","href":"https:\/\/api.w.org\/{rel}","templated":true}]}}